posite?
False
Is 5996551 a composite number?
True
Is 357892609 a composite number?
False
Is 5238113 a composite number?
False
Is 356832967 composite?
True
Is 8175493 prime?
True
Is 43478857 composite?
True
Is 584042 a composite number?
True
Is 16691531 composite?
True
Is 68197265 prime?
False
Is 7723337 a composite number?
False
Is 911819 prime?
True
Is 20902751 prime?
True
Is 37138759 composite?
True
Is 4082971 a prime number?
True
Is 2963631985 a prime number?
False
Is 1022663 a composite number?
True
Is 242511887 prime?
False
Is 1502551 a composite number?
False
Is 30008599 prime?
False
Is 78595859 a prime number?
True
Is 2674829 a composite number?
False
Is 2877037 a prime number?
False
Is 63642217 a composite number?
False
Is 27586211 prime?
True
Is 73556611 a prime number?
True
Is 129437293 a composite number?
False
Is 81822677 composite?
False
Is 44605237 a composite number?
False
Is 420340169 composite?
True
Is 54065633 prime?
False
Is 1725463 composite?
False
Is 115187873 composite?
False
Is 560511109 prime?
True
Is 53881307 a prime number?
True
Is 5315377 a prime number?
True
Is 94343971 prime?
True
Is 639860387 prime?
False
Is 225151 a prime number?
False
Is 138612031 a prime number?
True
Is 11947471 a composite number?
False
Is 14480117 a composite number?
True
Is 20764747 prime?
False
Is 23292253 prime?
False
Is 3510487 a composite number?
False
Is 264897177 composite?
True
Is 4079617 prime?
True
Is 232637831 a composite number?
False
Is 1800577 a prime number?
True
Is 2560681 composite?
True
Is 32619529 composite?
False
Is 32885987 a composite number?
False
Is 47364419 prime?
True
Is 739109713 a composite number?
False
Is 1654649 prime?
True
Is 57972337 composite?
False
Is 11580677 composite?
True
Is 44984281 prime?
False
Is 650053 composite?
True
Is 102306265 prime?
False
Is 7680587 a prime number?
False
Is 18040409 composite?
True
Is 783283 prime?
True
Is 19994789 a composite number?
False
Is 48779713 a prime number?
False
Is 444229 prime?
False
Is 1262111 a composite number?
True
Is 7079087 a composite number?
True
Is 530809 prime?
False
Is 30627827 composite?
False
Is 187191157 composite?
True
Is 41383813 a composite number?
False
Is 679067 a composite number?
False
Is 620741 a prime number?
False
Is 117676877 prime?
False
Is 4186451 prime?
False
Is 20546881 prime?
False
Is 41640569 composite?
False
Is 18210469 composite?
True
Is 5353883 a composite number?
False
Is 36299261 prime?
True
Is 920337623 a composite number?
False
Is 502615 a prime number?
False
Is 8242823 a prime number?
False
Is 124309421 a composite number?
False
Is 30344033 composite?
True
Is 4684529 a prime number?
True
Is 4179247 a prime number?
True
Is 54260861 prime?
True
Is 5119529 a prime number?
True
Is 4334921 a prime number?
False
Is 143298439 prime?
False
Is 149847961 composite?
False
Is 125129 prime?
False
Is 761892401 composite?
False
Is 40964467 a prime number?
False
Is 4471234 a composite number?
True
Is 14101669 composite?
False
Is 86613591 composite?
True
Is 2542453 composite?
False
Is 367512421 a composite number?
True
Is 3198971 composite?
True
Is 2410193431 prime?
False
Is 3452027 composite?
True
Is 10771637 composite?
True
Is 2073707 prime?
True
Is 127959353 a prime number?
False
Is 15395669 prime?
True
Is 104165807 composite?
False
Is 195679 a prime number?
False
Is 11364629 a composite number?
False
Is 21943114 a prime number?
False
Is 124737937 composite?
False
Is 1931893 composite?
True
Is 1771087 prime?
True
Is 68509333 a composite number?
False
Is 8532413 a composite number?
False
Is 52310197 composite?
True
Is 4605869 prime?
True
Is 1842469 composite?
False
Is 3613481 a prime number?
True
Is 23764453 a prime number?
False
Is 138185599 a composite number?
True
Is 1383153 composite?
True
Is 14932473 a prime number?
False
Is 24185417 a composite number?
False
Is 4545857 a composite number?
True
Is 658543 a prime number?
False
Is 6510247 a composite number?
False
Is 630451 a prime number?
True
Is 69800581 prime?
True
Is 314617 prime?
False
Is 60857249 a prime number?
True
Is 14212879 composite?
True
Is 6464989 a composite number?
False
Is 29473 prime?
True
Is 13515011 composite?
False
Is 32358127 a prime number?
True
Is 1782791 composite?
False
Is 255907 a composite number?
False
Is 3829079 a composite number?
False
Is 3780377 a prime number?
True
Is 3252061 composite?
False
Is 131291639 a composite number?
True
Is 1676243 composite?
False
Is 36692021 a prime number?
False
Is 877099 a prime number?
False
Is 246020257 composite?
True
Is 139125493 prime?
False
Is 12978079 a prime number?
True
Is 25388833 a composite number?
True
Is 98321747 composite?
False
Is 1628839 a prime number?
True
Is 327542 a prime number?
False
Is 4976837 prime?
True
Is 4399433 a prime number?
False
Is 8170297 a prime number?
True
Is 6630191 prime?
True
Is 153244781 a composite number?
False
Is 5797111 a prime number?
True
Is 210212389 a prime number?
False
Is 2877353 a composite number?
True
Is 518630011 prime?
False
Is 597187 prime?
False
Is 746410127 composite?
False
Is 903479 a composite number?
False
Is 111301423 a composite number?
True
Is 489888941 prime?
True
Is 17628635 a prime number?
False
Is 225880687 composite?
True
Is 832151 prime?
True
Is 3820841 prime?
True
Is 119306533 composite?
True
Is 1743221 a composite number?
False
Is 441160061 a prime number?
True
Is 39453227 composite?
True
Is 4003423 a composite number?
False
Is 331301 a prime number?
True
Is 22057049 composite?
True
Is 2758747 a prime number?
False
Is 105139129 a composite number?
True
Is 19390111 a composite number?
True
Is 13658149 prime?
False
Is 1180307 composite?
True
Is 1271069 a prime number?
True
Is 18721421 a composite number?
False
Is 383553526 prime?
False
Is 31522493 a prime number?
True
Is 648631 composite?
False
Is 100606609 a composite number?
True
Is 601352909 a composite number?
False
Is 86370853 composite?
True
Is 50026 a prime number?
False
Is 76556353 a composite number?
False
Is 3446263 prime?
False
Is 25174855 a prime number?
False
Is 153403071 composite?
True
Is 137587363 a prime number?
True
Is 52908077 prime?
True
Is 14753627 composite?
True
Is 13447279 a prime number?
True
Is 5180419 a composite number?
False
Is 448426457 prime?
True
Is 13321067 prime?
False
Is 23595513 prime?
False
Is 222707 composite?
False
Is 13282697 a prime number?
True
Is 8084679 a composite number?
True
Is 1554649 prime?
False
Is 20810131 a prime number?
False
Is 675923 composite?
False
Is 72879097 a composite number?
False
Is 327307499 a prime number?
True
Is 7662397 a composite number?
False
Is 789253 a composite number?
True
Is 83206631 prime?
False
Is 152477834 composite?
True
Is 4521633 composite?
True
Is 21826297 prime?
False
Is 9708971 composite?
False
Is 7417819 a prime number?
False
Is 2154629 prime?
True
Is 116826089 prime?
True
Is 29015491 a prime number?
False
Is 16046081 a composite number?
False
Is 669279487 a composite number?
True
Is 2409997 prime?
True
Is 149062119 prime?
False
Is 383029 a prime number?
True
Is 67580299 a prime number?
True
Is 3353579 a composite number?
False
Is 31436459 prime?
True
Is 2162543 composite?
False
Is 2225473 prime?
True
Is 9508855 a prime number?
False
Is 1720109 composite?
False
Is 77459587 a composite number?
True
Is 1986629 composite?
False
Is 512377 a prime number?
False
Is 1423843 composite?
False
Is 41207515 prime?
False
Is 21791057 a prime number?
True
Is 416904401 composite?
False
Is 1066309 composite?
True
Is 105037409 composite?
False
Is 605218 composite?
True
Is 9059087 prime?
True
Is 3391445 composite?
True
Is 967667 composite?
False
Is 5786479 prime?
True
Is 5577151 prime?
False
Is 312628993 composite?
False
Is 1353802603 a composite number?
True
Is 458119 composite?
False
Is 2018041 a composite number?
False
Is 2060694769 prime?
False
Is 19302137 prime?
True
Is 4944631 composite?
False
Is 802213 a prime number?
False
Is 160001291 composite?
True
Is 3200541 a composite number?
True
Is 86969731 a composite number?
True
Is 6782311 prime?
True
Is 8723263 a composite number?
True
Is 341182181 a prime number?
True
Is 5908403 a composite number?
False
Is 2608693 a prime number?
True
Is 7349551 composite?
True
Is 367478581 prime?
T